{"id":286,"date":"2021-12-19T16:00:55","date_gmt":"2021-12-19T15:00:55","guid":{"rendered":"https:\/\/www.memoriano.sk\/?page_id=286"},"modified":"2021-12-19T16:36:15","modified_gmt":"2021-12-19T15:36:15","slug":"o-nas","status":"publish","type":"page","link":"https:\/\/www.memoriano.sk\/?page_id=286","title":{"rendered":"O n\u00e1s"},"content":{"rendered":"\t\t<div data-elementor-type=\"wp-page\" data-elementor-id=\"286\" class=\"elementor elementor-286\" data-elementor-settings=\"[]\">\n\t\t\t\t\t\t\t<div class=\"elementor-section-wrap\">\n\t\t\t\t\t\t\t<section class=\"elementor-section elementor-top-section elementor-element elementor-element-96f011b elementor-section-boxed elementor-section-height-default elementor-section-height-default\" data-id=\"96f011b\" data-element_type=\"section\">\n\t\t\t\t\t\t<div class=\"elementor-container elementor-column-gap-default\">\n\t\t\t\t\t<div class=\"elementor-column elementor-col-100 elementor-top-column elementor-element elementor-element-5ded45f\" data-id=\"5ded45f\" data-element_type=\"column\">\n\t\t\t<div class=\"elementor-widget-wrap elementor-element-populated\">\n\t\t\t\t\t\t\t\t<div class=\"elementor-element elementor-element-505c344 elementor-widget elementor-widget-heading\" data-id=\"505c344\" data-element_type=\"widget\" data-widget_type=\"heading.default\">\n\t\t\t\t<div class=\"elementor-widget-container\">\n\t\t\t<h2 class=\"elementor-heading-title elementor-size-default\">O N\u00c1S<\/h2>\t\t<\/div>\n\t\t\t\t<\/div>\n\t\t\t\t\t<\/div>\n\t\t<\/div>\n\t\t\t\t\t\t\t<\/div>\n\t\t<\/section>\n\t\t\t\t<section class=\"elementor-section elementor-top-section elementor-element elementor-element-7a03783 elementor-section-boxed elementor-section-height-default elementor-section-height-default\" data-id=\"7a03783\" data-element_type=\"section\">\n\t\t\t\t\t\t<div class=\"elementor-container elementor-column-gap-default\">\n\t\t\t\t\t<div class=\"elementor-column elementor-col-100 elementor-top-column elementor-element elementor-element-b158db4\" data-id=\"b158db4\" data-element_type=\"column\">\n\t\t\t<div class=\"elementor-widget-wrap elementor-element-populated\">\n\t\t\t\t\t\t\t\t<div class=\"elementor-element elementor-element-cb704fc elementor-widget elementor-widget-text-editor\" data-id=\"cb704fc\" data-element_type=\"widget\" data-widget_type=\"text-editor.default\">\n\t\t\t\t<div class=\"elementor-widget-container\">\n\t\t\t\t\t<div class=\"elementor-text-editor elementor-clearfix\"><p style=\"text-align: center;\">Neziskov\u00e1 organiz\u00e1cia MEMORIA je stabiln\u00fdm partnerom, ktor\u00fd prin\u00e1\u0161a poradenstvo, slu\u017eby a vzdel\u00e1vanie v oblasti \u00a0IT, mentoringu a soci\u00e1lnych slu\u017eieb.<\/p><\/div>\n\t\t\t\t<\/div>\n\t\t\t\t<\/div>\n\t\t\t\t\t<\/div>\n\t\t<\/div>\n\t\t\t\t\t\t\t<\/div>\n\t\t<\/section>\n\t\t\t\t\t\t<\/div>\n\t\t\t\t\t<\/div>\n\t\t","protected":false},"excerpt":{"rendered":"<p>O N\u00c1S Neziskov\u00e1 organiz\u00e1cia MEMORIA je stabiln\u00fdm partnerom, ktor\u00fd prin\u00e1\u0161a poradenstvo, slu\u017eby a vzdel\u00e1vanie v oblasti \u00a0IT, mentoringu a soci\u00e1lnych slu\u017eieb.<\/p>\n","protected":false},"author":1,"featured_media":0,"parent":0,"menu_order":0,"comment_status":"closed","ping_status":"closed","template":"","meta":{"_monsterinsights_skip_tracking":false,"_monsterinsights_sitenote_active":false,"_monsterinsights_sitenote_note":"","_monsterinsights_sitenote_category":0},"yoast_head":"<!-- This site is optimized with the Yoast SEO plugin v15.7 - https:\/\/yoast.com\/wordpress\/plugins\/seo\/ -->\n<title>O n\u00e1s - Memoria n.o.<\/title>\n<meta name=\"robots\" content=\"index, follow, max-snippet:-1, max-image-preview:large, max-video-preview:-1\" \/>\n<link rel=\"canonical\" href=\"https:\/\/www.memoriano.sk\/?page_id=286\" \/>\n<meta property=\"og:locale\" content=\"sk_SK\" \/>\n<meta property=\"og:type\" content=\"article\" \/>\n<meta property=\"og:title\" content=\"O n\u00e1s - Memoria n.o.\" \/>\n<meta property=\"og:description\" content=\"O N\u00c1S Neziskov\u00e1 organiz\u00e1cia MEMORIA je stabiln\u00fdm partnerom, ktor\u00fd prin\u00e1\u0161a poradenstvo, slu\u017eby a vzdel\u00e1vanie v oblasti \u00a0IT, mentoringu a soci\u00e1lnych slu\u017eieb.\" \/>\n<meta property=\"og:url\" content=\"https:\/\/www.memoriano.sk\/?page_id=286\" \/>\n<meta property=\"og:site_name\" content=\"Memoria n.o.\" \/>\n<meta property=\"article:modified_time\" content=\"2021-12-19T15:36:15+00:00\" \/>\n<meta name=\"twitter:card\" content=\"summary_large_image\" \/>\n<meta name=\"twitter:label1\" content=\"Predpokladan\u00fd \u010das \u010d\u00edtania\">\n\t<meta name=\"twitter:data1\" content=\"1 min\u00fata\">\n<script type=\"application\/ld+json\" class=\"yoast-schema-graph\">{\"@context\":\"https:\/\/schema.org\",\"@graph\":[{\"@type\":\"WebSite\",\"@id\":\"https:\/\/www.memoriano.sk\/#website\",\"url\":\"https:\/\/www.memoriano.sk\/\",\"name\":\"Memoria n.o.\",\"description\":\"Len \\u010fal\\u0161ia WordPress str\\u00e1nka\",\"potentialAction\":[{\"@type\":\"SearchAction\",\"target\":\"https:\/\/www.memoriano.sk\/?s={search_term_string}\",\"query-input\":\"required name=search_term_string\"}],\"inLanguage\":\"sk-SK\"},{\"@type\":\"WebPage\",\"@id\":\"https:\/\/www.memoriano.sk\/?page_id=286#webpage\",\"url\":\"https:\/\/www.memoriano.sk\/?page_id=286\",\"name\":\"O n\\u00e1s - Memoria n.o.\",\"isPartOf\":{\"@id\":\"https:\/\/www.memoriano.sk\/#website\"},\"datePublished\":\"2021-12-19T15:00:55+00:00\",\"dateModified\":\"2021-12-19T15:36:15+00:00\",\"inLanguage\":\"sk-SK\",\"potentialAction\":[{\"@type\":\"ReadAction\",\"target\":[\"https:\/\/www.memoriano.sk\/?page_id=286\"]}]}]}<\/script>\n<!-- \/ Yoast SEO plugin. -->","_links":{"self":[{"href":"https:\/\/www.memoriano.sk\/index.php?rest_route=\/wp\/v2\/pages\/286"}],"collection":[{"href":"https:\/\/www.memoriano.sk\/index.php?rest_route=\/wp\/v2\/pages"}],"about":[{"href":"https:\/\/www.memoriano.sk\/index.php?rest_route=\/wp\/v2\/types\/page"}],"author":[{"embeddable":true,"href":"https:\/\/www.memoriano.sk\/index.php?rest_route=\/wp\/v2\/users\/1"}],"replies":[{"embeddable":true,"href":"https:\/\/www.memoriano.sk\/index.php?rest_route=%2Fwp%2Fv2%2Fcomments&post=286"}],"version-history":[{"count":4,"href":"https:\/\/www.memoriano.sk\/index.php?rest_route=\/wp\/v2\/pages\/286\/revisions"}],"predecessor-version":[{"id":330,"href":"https:\/\/www.memoriano.sk\/index.php?rest_route=\/wp\/v2\/pages\/286\/revisions\/330"}],"wp:attachment":[{"href":"https:\/\/www.memoriano.sk\/index.php?rest_route=%2Fwp%2Fv2%2Fmedia&parent=286"}],"curies":[{"name":"wp","href":"https:\/\/api.w.org\/{rel}","templated":true}]}}